 of -s**4/12 + 2*s**3 - 5*s**2/2 - s - 171. What is t(p)?
27
Let z be (-5)/((-20)/16) - 3. Let v(r) = -4591*r + 2321*r + 2*r**2 + 2267*r + 2. Determine v(z).
1
Let s(j) = 2*j - 2*j**2 - 5790*j**3 - 8 + 5791*j**3 - 1 + 3*j**2. What is s(0)?
-9
Let z be -2*(-1)/(16/(-6))*-12. Let k(n) be the third derivative of -n**6/120 + n**5/6 - 3*n**4/8 + n**3/6 + 208*n**2. Calculate k(z).
1
Suppose 5*m + 8*k - 5*k = -45, 0 = 4*m + 4*k + 28. Let d be m + -1 + ((-9)/3 - -4). Let p(l) = -l - 23. Give p(d).
-11
Let x(f) = -f + 2. Let z be 246 + -242 + (1 - 11). What is x(z)?
8
Let x(y) be the second derivative of -y**4/24 + y**3/6 - 23*y**2 + 20*y - 1. Let d(v) be the first derivative of x(v). Give d(-9).
10
Let h(r) = r**2 + r. Let p(s) = -6*s**2 - 9*s**2 - s - s - 3 + 2. Let l(d) = 4*h(d) + p(d). Calculate l(1).
-10
Suppose 19894*o - 19912*o + 54 = 0. Let p(a) = -2*a - 6*a**2 - a + 0*a + 2 + a**3 + 0*a. Give p(o).
-34
Let w = -136 + -112. Let r = w + 256. Let s(b) = -b**3 + 8*b**2 - 2*b + 8. Determine s(r).
-8
Let o(t) = -4*t**2 + 1701 + t - 1709 - t**3 + 0*t**2. Give o(-6).
58
Let k(d) = -1. Let s = 5 - 1. Let b(x) = -x - 11. Let t(n) = s*k(n) - b(n). Let g(l) = l**2 + 72*l - 1111. Let c be g(-85). Give t(c).
1
Suppose -2*v + 8 + 4 = -3*m, -29 = -3*v - m. Let b(w) = w**2 - 3*w + 8. Calculate b(v).
62
Suppose 3 = 9*h + 93. Let r(c) be the second derivative of c**4/12 + 11*c**3/6 + 3*c**2/2 - 11*c. Calculate r(h).
-7
Suppose 4*p + 2*q = 3*p + 10, 37 = 3*p - q. Suppose -p*k = -29 - 31. Let r(j) = j**2 - 4*j. What is r(k)?
5
Suppose 203*j = 201*j + 28. Let b = -27 + 18. Let u = j + b. Let f(w) = w**3 - 5*w**2 + w - 5. Give f(u).
0
Let d(k) = 5*k**3 + k**2 + k. Suppose -11*r + 280 = 93. Let a(u) = -14*u**3 - 3*u**2 - 3*u + 1. Let j(n) = r*d(n) + 6*a(n). What is j(0)?
6
Let d(t) = -3*t - t + 7*t**3 + 5*t + t**2. Suppose -3*y + 3348*l - 3344*l + 1 = 0, -5*l = 5*y + 10. What is d(y)?
-7
Suppose -5*n + 4*w + 340 = 8*w, 0 = n - 4*w - 44. Suppose 0 = -20*v + 24 - n. Let r(b) = b**2 + 6*b + 4. Calculate r(v).
-4
Let c(k) = -3*k - 5. Let y = 9 - 7. Suppose y*l + 80 - 100 = 0. Let r = 6 - l. Calculate c(r).
7
Let a(r) be the first derivative of r**2 + 5*r - 21. Let k be a(3). Suppose -9*u = -k*u. Let g(v) = v - 6. Calculate g(u).
-6
Suppose 20*j = 14*j + 18. Let i(h) = 2*h**3 - 3*h - 3*h**j - 244 + 243 + 4*h**2. Let r(n) = 3*n - 9. Let q be r(4). Determine i(q).
-1
Let j(b) = b**3 - 5*b**2 + 4*b - 3. Let x be 0/(4 + -3) + (3 - 26). Let k(d) = -d**3 - 24*d**2 - 20*d + 74. Let a be k(x). What is j(a)?
17
Let a(q) be the third derivative of 0*q + 1/12*q**4 - 1 - 41*q**2 - 1/6*q**3. What is a(1)?
1
Let k(m) = -6*m**2 + 2*m + 80. Let n(p) = p**2 - 14. Let z(i) = -6*k(i) - 34*n(i). What is z(7)?
10
Let p(w) = -7*w - 15 + 58 - 10 + 38 + 20. What is p(14)?
-7
Suppose -77 + 56 = -t. Suppose 0 = -b + 3*s + t, 0 = -4*b - 10*s + 5*s - 1. Let u(c) be the first derivative of c**3/3 - 5*c**2/2 - 4*c + 13. Calculate u(b).
2
Let x(a) be the second derivative of a**6/120 - a**5/15 - a**4/3 + 2*a**3/3 + 67*a**2/2 + 84*a. Let k(d) be the first derivative of x(d). Calculate k(5).
-11
Let g(o) = -1314 + 438 + 434 + 436 + 12*o. What is g(5)?
54
Let x(j) be the third derivative of -j**6/120 + 13*j**5/60 + 2*j**4/3 - 5*j**3 + 563*j**2 - j. Give x(14).
-2
Let p = 75 + -73. Let y(n) = 0 - 2*n**2 + p - 4 + 3 + n. Let d(x) = -4*x + 30. Let t be d(7). Calculate y(t).
-5
Let s(y) = -14*y - 4384. Let k(q) = q + 329. Let l(a) = 40*k(a) + 3*s(a). Let j be 8*(-1)/(3/(-3)). Determine l(j).
-8
Let s(q) = q**3 + 3*q**2 + q - 1. Let o be s(-3). Let y(c) be the first derivative of 0*c - 1/3*c**3 - 1/2*c**2 + 111. Give y(o).
-12
Let p(x) = x + 17. Let y be p(-14). Suppose 2*u - d = 7, u + 3*d + 7 = -0. Let r(i) = 6*i**2 - 8*i**u + i**3 + i + 2*i - 3 - i. What is r(y)?
12
Suppose 5*h - 7 = -2*u, u = 4*u - 4*h + 1. Let d(p) be the second derivative of 7*p**4/12 + p**3/3 - p**2/2 + 4*p - 9. Give d(u).
8
Let n(t) = -t**3 - 25*t**2 - 91*t - 142. Let u be n(-21). Let r(a) = 3*a**3 - 15*a**2 + a - 1. Determine r(u).
4
Suppose 3*g - 4*y + 1 = 4*g, 3*g - 29 = y. Let b(d) be the third derivative of 1/3*d**4 - 1/60*d**5 - 26*d**2 + 0*d + 0 + 3/2*d**3. Calculate b(g).
0
Let p(t) = -1 + 10 + 2*t - 7 - 6. Let n be p(7). Let y(k) = 1 + 4*k + 1 + 2 - n. What is y(-5)?
-26
Let v(p) be the first derivative of -p**4/4 + 5*p**3/3 + 3*p**2 - 45*p + 433. Calculate v(4).
-5
Suppose 429*n + 3718 = 143*n. Let f(g) = -g**3 - 54*g**2 - 535*g - 23. What is f(n)?
3
Let v(s) be the third derivative of 71*s**2 - 3/2*s**3 + 0*s + 0 - 1/60*s**5 - 7/24*s**4. Give v(-6).
-3
Let z(r) be the second derivative of r**5/20 - 2*r**4/3 + 11*r**3/6 + 7*r**2/2 + 1811*r. Calculate z(5).
-13
Suppose -3*v - 5*q = 19, 0*v - 3*q - 17 = -v. Suppose 7*w - v*k + 20 = 8*w, 2*w = 3*k + 5. Let o(a) = a**3 - 11*a**2 + 9*a + 12. Calculate o(w).
2
Suppose o + c - 11 = 0, 3*c = -4*o + 24 + 18. Let d(i) be the first derivative of i**2/2 + 3*i - 19. Calculate d(o).
12
Let g(w) = w**3 - 6*w**2 + 2*w - 1. Let h be g(2). Let v(q) = 5*q - 3. Let m(j) = 11*j - 6. Let x(o) = h*v(o) + 6*m(o). Calculate x(-11).
-8
Let k(c) = -2*c + 60. Suppose 22083 = -24*r + 22347. What is k(r)?
38
Let q(g) = -2*g + g**3 - 6*g - g**2 - 677 + 1275 - 600. Calculate q(5).
58
Let l(k) = -3*k**3 - 4*k**2 - 3*k - 7. Suppose c + 256 = -3*h + 251, -5*c + h = 9. Calculate l(c).
7
Let b(a) = 2*a**3 + 21*a**2 - 14*a - 15. Let l = -1083 - -1072. Give b(l).
18
Let d(o) = 3*o - 4 + 1 + 2. Let t = -41 + 45. Suppose -2*c = 3*f - 4, 10*c - 5*c - t*f + 13 = 0. Determine d(c).
-4
Let c(b) = 5*b**3 + 5*b**2 - 4*b - 1. Let x be 26/(-2)*18/(-78)*14/21. Give c(x).
51
Let s(a) = -3*a + 51*a**2 - 17*a**2 - 15*a**2 - 16*a**2. Let h(l) = -l**3 - l**2 + 13*l + 6. Let b be h(-4). What is s(b)?
6
Suppose 4*k + 213 = 137. Let t(q) = 4*q + 32. Determine t(k).
-44
Let f be (-3)/((-42)/298) - 4/14. Suppose 11*y - f = 4*y. Let a(s) = s**y + 2 - 4*s**2 - 6*s + 16*s - 8*s. Calculate a(4).
10
Let i be -1 - 70/((-4)/(-2)). Let m be (-6)/9*(-2 - 345/(-6)). Let j = i - m. Let q(r) = -7*r**3 + r**2. Calculate q(j).
-6
Let x(b) = 34*b + 1187. Let q be x(-35). Let l(j) = 23*j - 6. What is l(q)?
-75
Let l(d) = 4*d**3 + 2*d**2 + 5*d + 1. Let z be (-4)/(-10)*(1365/(-26))/21. What is l(z)?
-6
Let y be (-5 + -1)*(-16)/(-12). Let v = 20 - 8. Let q = y + v. Let f(o) = o**3 - 5*o**2 + 3*o + 5. Determine f(q).
1
Let i(q) be the second derivative of -q**3/3 - 37*q**2/2 - 405*q. Determine i(-13).
-11
Let y(c) = 4*c**2 + 2*c**2 + 44*c - 4*c**2 + 114 + 41 - c**2. What is y(-4)?
-5
Let r = 3504 + -3512. Let k(g) = g - 1. Give k(r).
-9
Let o(n) = 33*n - 13*n - 17*n - 30 - 8*n. Let t(q) = 2*q - 3. Let x be t(-2). Give o(x).
5
Suppose -6444*q + 6452*q + 40 = 0. Let b(u) = u + 11. Determine b(q).
6
Let k(d) = -d**2 + 2*d + 13. Let h be k(4). Suppose 5*a = -c - 18, 3*c - h*c - 2*a = 4. Let f(g) = -4*g - g**c + 5*g + 2*g - 11*g. Determine f(-7).
7
Let p(i) be the third derivative of i**4/8 - 7*i**3/6 - i**2 + 24*i. Let d = -58 + 62. Give p(d).
5
Let h(o) = o**2 + 7*o + 3. Let g be (-2)/3 + 2*93/(-18). Suppose 5*k - 27 = -2*i, -k - 5*i + 8 = -2*i. Let f = g + k. What is h(f)?
-3
Let m(i) be the first derivative of i**3 - 5*i**2/2 + 3*i - 11. Let j be m(3). Let y(z) = -2*z**2 + 0*z**3 + 13 + z + 4*z**2 - j + 2*z**3. Give y(-2).
-12
Let d(m) be the first derivative of m**4/12 + 2*m**3/3 + 21*m**2/2 + 98. Let a(u) be the second derivative of d(u). Calculate a(5).
14
Let z(i) be the first derivative of -21*i**2/2 + i + 199. Let w(r) = -r**3 - 8*r**2 + r + 7. Let y be (-3)/(4/(128/12)). Let n be w(y). Determine z(n).
22
Let l(f) = f**3 + 5*f**2 - 8*f + 2. Let s(j) = 2*j**2 - 15*j + 11. Let k be s(7). Suppose 4*g + k = 24. Suppose -2*b - q - 8 = g, -15 = 2*b + 3*q. Give l(b).
14
Let t(s) = -s + 5 + 2 - 2*s + 2*s. Let u be 1 + (-30)/26 - 2/(-26)*2. What is t(u)?
7
Let l(m) = -6*m**2 + 15*m - 187. Let g(z) = 10*z**2 - 22*z + 280. Let h(n) = -5*g(n) - 8*l(n). Let q(s) be the first derivative of h(s). Give q(-3).
2
Let r(y) = -y - 7. Let c be r(-10). Suppose 0*v - 28 = -14*v. Let l(a) = a**2 + 4*a - 2. Let b(d) = -d**2 + 1. Let n(u) = v*b(u) + l(u). Determine n(c).
3
Let x(y) = -4*y + 1. Let g(h) = h**3 + 4*h**2 - 10*h - 22. Let u be g(-5). Suppose 0*z - 5*z - 11 